in base 14?
-5c96
What is -1073e (base 16) in base 12?
-32bba
What is 1224 (base 5) in base 8?
275
399 (base 14) to base 7
2052
23 (base 8) to base 6
31
What is -71773 (base 8) in base 9?
-44650
422113 (base 5) to base 3
201020202
What is 3103 (base 7) in base 2?
10000111001
Convert 1d7c (base 15) to base 16.
1911
Convert 35 (base 12) to base 9.
45
What is -1237 (base 8) in base 10?
-671
Convert -45413 (base 7) to base 4.
-2310011
-14e (base 15) to base 9
-362
24022 (base 6) to base 3
11202112
What is 29271 (base 12) in base 11?
3a13a
Convert 34352 (base 12) to base 14.
1b526
-1a4 (base 15) to base 16
-17b
What is -37122 (base 10) in base 15?
-aeec
What is 707a (base 13) in base 6?
155400
Convert -27229 (base 12) to base 5.
-3211024
122031 (base 4) to base 10
1677
What is 524 (base 8) in base 14?
1a4
Convert -11220 (base 3) to base 8.
-204
-1236 (base 12) to base 13
-c24
Convert -1013 (base 6) to base 4.
-3201
Convert -1100110110001 (base 2) to base 8.
-14661
Convert 32c2 (base 16) to base 4.
3023002
-200002 (base 3) to base 15
-228
What is -31b (base 13) in base 4?
-20103
What is -315 (base 14) in base 16?
-25f
1200413 (base 5) to base 14
8023
What is 9442 (base 10) in base 8?
22342
-740 (base 12) to base 8
-2040
What is -1b1a2 (base 14) in base 5?
-4201223
What is -1012100 (base 3) in base 14?
-465
What is -21020101 (base 4) in base 16?
-9211
Convert 107d (base 15) to base 8.
6645
What is -20230 (base 4) in base 3?
-202121
Convert 1237 (base 12) to base 7.
6001
1155 (base 7) to base 11
363
b0e (base 16) to base 15
c8a
What is 27a3 (base 12) in base 11?
34a0
-124222 (base 5) to base 4
-1031021
11a5 (base 14) to base 6
22141
What is 892b (base 13) in base 14?
6d8a
What is -140312 (base 5) in base 7?
-22432
What is -3023 (base 5) in base 8?
-604
20253 (base 8) to base 16
20ab
8481 (base 10) to base 15
27a6
What is -1110000000 (base 2) in base 13?
-53c
6567 (base 10) to base 3
100000020
What is 6b1 (base 12) in base 16?
3e5
Convert 354 (base 16) to base 7.
2325
20729 (base 12) to base 11
29a39
-1131403 (base 5) to base 6
-240313
Convert 221323 (base 4) to base 6.
20231
30131 (base 4) to base 14
40d
31010031 (base 4) to base 2
1101000100001101
What is 7839 (base 10) in base 14?
2bdd
What is 42a (base 12) in base 4?
21202
3033 (base 8) to base 11
11a1
Convert -c06 (base 16) to base 13.
-152a
-1011 (base 3) to base 4
-133
What is -10333224 (base 5) in base 10?
-89814
Convert -d36 (base 15) to base 16.
-ba0
Convert 1321331 (base 5) to base 10.
26466
What is 293 (base 16) in base 8?
1223
22006 (base 8) to base 4
2100012
-55305 (base 6) to base 5
-221143
Convert 220103 (base 4) to base 8.
5023
Convert -1a317 (base 11) to base 5.
-1401312
What is -1443 (base 7) in base 4?
-20322
What is 2468 (base 15) in base 7?
31406
What is 44 (base 5) in base 12?
20
Convert 240322 (base 6) to base 16.
517a
5c8 (base 13) to base 16
3f1
-361353 (base 7) to base 8
-177513
1001110111001000 (base 2) to base 7
225522
What is -5630 (base 7) in base 11?
-1586
-632 (base 16) to base 9
-2152
Convert 4971 (base 11) to base 12.
390b
1003322 (base 4) to base 12
2622
What is -740 (base 8) in base 16?
-1e0
2001 (base 9) to base 13
883
Convert 452 (base 9) to base 2.
101110011
Convert -629 (base 10) to base 14.
-32d
What is 557 (base 8) in base 11?
304
-2748 (base 15) to base 14
-30b7
Convert -1001000100101 (base 2) to base 16.
-1225
Convert 1472 (base 11) to base 15.
864
-672 (base 12) to base 11
-794
1060 (base 10) to base 13
637
Convert -409 (base 11) to base 14.
-273
Convert -66262 (base 7) to base 13.
-7735
What is 22b (base 12) in base 15?
168
-47 (base 12) to base 8
-67
Convert 2461 (base 8) to base 2.
10100110001
Convert 110100001001 (base 2) to base 8.
6411
Convert -100001 (base 3) to base 5.
-1434
22161 (base 7) to base 16
15cc
1876 (base 11) to base 13
1113
Convert 7ba (base 14) to base 8.
3000
What is 83782 (base 9) in base 16?
d814
-11101001100101 (base 2) to base 13
-6a5c
What is -14144 (base 8) in base 6?
-44524
What is -17c (base 15) in base 11?
-291
What is -770 (base 9) in base 8?
-1166
-10001111111 (base 2) to base 5
-14101
Convert 976 (base 10) to base 7.
2563
What is 7222 (base 8) in base 10?
3730
Convert -2c9 (base 13) to base 12.
-35b
What is -3435 (base 8) in base 7?
-5211
Convert 134a (base 14) to base 8.
6506
Convert 4424 (base 8) to base 3.
10012002
Convert -10130001 (base 4) to base 12.
-a629
Convert 1117 (base 9) to base 13.
4b7
What is -1311 (base 10) in base 11?
-a92
Convert -552 (base 13) to base 4.
-32100
Convert -1122 (base 5) to base 11.
-138
Convert 13d8 (base 14) to base 5.
103042
Convert -111011000010 (base 2) to base 6.
-25254
3852 (base 14) to base 12
5868
What is 6232 (base 13) in base 12?
7a21
-84 (base 14) to base 13
-8c
Convert -1212220 (base 3) to base 13.
-819
Convert 5395 (base 10) to base 13.
25c0
Convert 3609 (base 16) to base 5.
420313
Convert -10111000100 (base 2) to base 12.
-a30
Convert -1101022021 (base 3) to base 12.
-138a4
What is -1142 (base 6) in base 13?
-185
What is 32083 (base 13) in base 2?
10110000001001000
Convert 17c (base 16) to base 8.
574
Convert 103121313 (base 4) to base 15.
18839
What is 7e3 (base 15) in base 4?
123330
58 (base 16) to base 6
224
Convert -16a (base 16) to base 14.
-1bc
What is 37760 (base 9) in base 4?
12030333
-3138 (base 9) to base 10
-2303
Convert 6817 (base 13) to base 11.
aa31
What is 21786 (base 11) in base 7?
160665
What is 4652 (base 8) in base 7?
10133
What is -a09 (base 11) in base 8?
-2303
-10543 (base 8) to base 13
-2045
13321 (base 5) to base 2
10000111110
What is -13 (base 10) in base 13?
-10
-100010110001 (base 2) to base 3
-10001102
What is -56411 (base 7) in base 9?
-21512
Convert 1323232 (base 4) to base 5.
223133
Convert -2021243 (base 5) to base 13.
-11b63
Convert -5564 (base 7) to base 2.
-11111010110
Convert 114 (base 15) to base 10.
244
-5d29 (base 16) to base 10
-23849
What is -3405 (base 7) in base 5?
-14410
Convert -1253 (base 7) to base 6.
-2115
-1386a (base 11) to base 14
-7258
Convert -126 (base 8) to base 10.
-86
What is 21 (base 10) in base 12?
19
Convert 2220 (base 3) to base 15.
53
Convert 188 (base 9) to base 13.
c5
-1167 (base 10) to base 6
-5223
Convert 4f (base 16) to base 2.
1001111
What is -13641 (base 7) in base 15?
-11a3
What is 11000111100100 (base 2) in base 7?
52144
What is -3b14 (base 13) in base 10?
-8467
Convert -41748 (base 10) to base 6.
-521140
Convert 400 (base 7) to base 14.
100
Convert 10470 (base 10) to base 14.
3b5c
Convert -3771 (base 9) to base 5.
-42233
What is -3021 (base 5) in base 9?
-468
86 (base 9) to base 4
1032
Convert a898 (base 15) to base 6.
433125
Convert -ca0c (base 14) to base 10.
-34900
Convert -127646 (base 8) to base 12.
-22032
-266 (base 9) to base 16
-de
-24337 (base 8) to base 11
-7952
Convert 12121212 (base 3) to base 10.
4100
What is -2095 (base 11) in base 13?
-134a
What is 1100011001100 (base 2) in base 11?
4851
What is 6062 (base 7) in base 3?
2212212
What is a (base 16) in base 11?
a
What is -e3 (base 16) in base 15?
-102
-33010 (base 4) to base 8
-1704
What is 2271 (base 8) in base 12?
849
243130 (base 7) to base 11
30329
Convert 1440 (base 11) to base 13.
b00
Convert -2102 (base 9) to base 14.
-7c1
What is 1111100110 (base 2) in base 15?
468
What is -14254 (base 6) in base 8?
-4332
-66 (base 15) to base 2
-1100000
Convert 110100100010 (base 2) to base 5.
101422
What is -56 (base 12) in base 4?
-1002
Convert -c (base 13) to base 2.
-1100
231 (base 5) to base 6
150
4142 (base 7) to base 6
10415
150 (base 6) to base 15
46
What is -727 (base 10) in base 5?
-10402
Convert -3352 (base 6) to base 13.
-488
13343 (base 5) to base 13
666
Convert c8c (base 14) to base 13.
1186
20210 (base 3) to base 10
183
-113232 (base 4) to base 7
-4266
What is -1bb1 (base 12) in base 11?
-2652
-a7 (base 16) to base 2
-10100111
22022 (base 4) to base 15
2d5
What is 3b33 (base 12) in base 10?
6807
122222 (base 3) to base 9
588
Convert 147 (base 10) to base 6.
403
3657 (base 10) to base 13
1884
Convert 12406 (base 7) to base 4.
303121
-114454 (base 7) to base 14
-782b
110011111101 (base 2) to base 13
168a
What is 7 (base 8) in base 5?
12
-123138 (base 9) to base 3
-10210011022
10107 (base 8) to base 10
4167
What is -4631 (base 11) in b